 of r and 2?
2
Let b = 5 - 5. Suppose -5*r - 8 = -4*p, 4*p - r + 0*r - 8 = b. Suppose -p + 5 = q, 4*q = -5*w + 22. What is the highest common divisor of w and 18?
2
Let i = 155 + -65. What is the greatest common divisor of 225 and i?
45
Let c be (8/(-10))/((-12)/(-150)). Let m be (16/5)/((-4)/c). Let q be 834/21 - 2/(-7). Calculate the greatest common factor of q and m.
8
Let h(z) = -z**2 - z + 3. Let k be h(-2). Let g be (-4)/(-22) - 31/(-11). Calculate the greatest common divisor of k and g.
1
Suppose -402 = 5*b + 3. Let w = 3 - b. Let g = -1 - -13. Calculate the highest common divisor of g and w.
12
Let f be 808 + 1 + (-2 - -1). Suppose 4*q - f = j + 3*j, -2*j = 4. Calculate the greatest common factor of 25 and q.
25
Suppose -2*s + 31 - 7 = 0. Suppose x = -x + s. What is the highest common divisor of x and 24?
6
Let j = 99 - 67. Suppose 6*v = 2*v + 12, 4*v = -2*q - 74. Let f = q - -123. What is the greatest common factor of j and f?
16
Let i(l) = l**3 - 3*l**2 - 6*l - 4. Let z be i(7). Suppose -4*t + z = -t. Calculate the highest common factor of 10 and t.
10
Suppose 4*b - 38 = 3*b. What is the greatest common factor of b and 57?
19
Let z be (-33)/(-12) + (-1)/(-4). Suppose 5*j - 3*p - 24 = 0, 5*j + 5*p = j - z. Suppose -j = -q + 6. Calculate the greatest common divisor of q and 18.
9
Let t = 4 - 2. Suppose 2*z - 28 = 5*h, -t*z + h + 12 = -0. Let k = -12 - -16. What is the greatest common factor of k and z?
4
Let t(c) = 2*c**3 - 2*c**2 + c + 1. Let o be t(2). Suppose -4*r = -5*b - 113, 0 = -2*b + 3*b + 5. What is the highest common divisor of r and o?
11
Let v be 3 - (-2 + 0 + 0). Suppose 3*w + 3 = 18. Suppose 0*b + 3*b - 326 = -w*r, -v*r + 209 = 2*b. What is the greatest common factor of 13 and b?
13
Let l be 7/21 - 118/(-6). What is the highest common divisor of 30 and l?
10
Let w(o) = 3*o - 21. Let c be w(9). Calculate the greatest common factor of 6 and c.
6
Let s = -131 + 248. Calculate the highest common divisor of s and 13.
13
Let b = 361 + -240. Let h be 8/(80/165)*(-2)/(-3). What is the greatest common factor of b and h?
11
Let h = 3 + 141. Let x be 22 - 12/(0 + 3). Calculate the highest common divisor of x and h.
18
Suppose 2*c + s = -c + 20, 2*c = -3*s + 25. Suppose -26 = -c*j + 24. Calculate the greatest common factor of j and 4.
2
Let c(a) = 3*a**2 - 3*a + 1. Let w be c(-3). Calculate the greatest common factor of w and 259.
37
Suppose -266 = -3*t - 98. Calculate the highest common factor of t and 8.
8
Suppose -4*w - 2*d + 6 + 10 = 0, -2*d = 0. Calculate the greatest common divisor of w and 8.
4
Let i(v) = -v**2 - 12*v - 3. Let n be i(-9). What is the greatest common factor of n and 24?
24
Let k(h) = 5*h + 10. Let s be k(4). Calculate the highest common factor of s and 20.
10
Suppose 6*v - 10*v + 108 = 0. Let d(i) = 6*i**2 - 3*i. Let z be (-9)/(-6) - 2/(-4). Let b be d(z). What is the greatest common factor of b and v?
9
Suppose -2*y - 32 + 83 = -3*f, 4*f - 51 = -3*y. Let n be 1*5*(-2 + 3). Let a(z) = 7*z**2 - 7. Let v be a(n). Calculate the highest common divisor of y and v.
21
Let q = -3 + 3. Suppose -2*i + 4 = -q. Calculate the highest common factor of 10 and i.
2
Let a = -8 - -18. Let f be a/15 + 559/3. What is the highest common factor of f and 17?
17
Let k be 1/(-4) + 1146/8. Let t be 13*(1 + 0/(-4)). Calculate the highest common divisor of t and k.
13
Suppose -h - 1 = 1, 0 = -4*n - 3*h + 66. Suppose -5*v + i = -633, 4*i - 492 = -5*v + v. Calculate the greatest common divisor of n and v.
18
Let u = -7 - -25. What is the highest common factor of 45 and u?
9
Suppose -4*h = -28 + 8. Let k(z) = 7*z + 4. Let v be k(h). Calculate the highest common factor of v and 26.
13
Let y = -18 - -11. Let h(n) = n**2 + 7*n + 6. Let f be h(y). What is the highest common divisor of 42 and f?
6
Suppose 5*i = -5*v + 2*v - 12, 3*v + 12 = 5*i. Let j = i - -3. Suppose -50 = -j*p - 2*p. What is the greatest common factor of 40 and p?
10
Suppose 3*l = 2*p - 321, -4*p - 187 = -4*l - 839. Suppose 4*a = 4*g + p, 2*g - 3*g = -3*a + 122. Calculate the highest common factor of a and 16.
8
Let r(s) = 2*s**2 - 4*s - 2. Let h be r(-3). Let q = 48 - h. Calculate the highest common divisor of q and 10.
10
Let l be (2 - 1) + 14 + 0. Let r(f) = 1 + 165*f**2 + f + 0*f - 2*f. Let d be r(1). What is the highest common divisor of d and l?
15
Let n be (12 - (-6)/2) + -1. Calculate the highest common factor of n and 35.
7
Let t be 2*(-4)/((-32)/44). What is the greatest common divisor of 11 and t?
11
Let j = 10 - -6. What is the greatest common divisor of 144 and j?
16
Suppose 2*t = -5*v - 21, 3*t + 2*v = -2*v - 14. Let b be (-60)/t*72/(-10). Let z(j) = -4*j + 4. Let a be z(-5). What is the highest common factor of a and b?
24
Suppose 0 = -8*y + 20 + 68. What is the greatest common factor of 11 and y?
11
Let r be (12/9)/((-4)/(-18)). Let j(d) = d**2 - 3*d - 6. Let q be j(r). Let y be -4 + 5 - 1*-2. What is the highest common divisor of q and y?
3
Suppose 0*l + 37 = 5*l + 4*h, -19 = -5*l + 2*h. Suppose -6 = -l*t + 4*t. Let w be (30/35)/((-1)/(-35)). What is the greatest common divisor of w and t?
6
Suppose 5*l + 4*d - 56 = 0, 17 = -5*l - 5*d + 72. Suppose -143 = -4*c + 193. Calculate the highest common factor of c and l.
12
Suppose -3*r = -5*r + 8. Calculate the greatest common divisor of r and 28.
4
Let z(k) = -k**2 + 2*k + 4. Let b be z(3). Let g be 7*(b - (0 + -1)). What is the greatest common divisor of 2 and g?
2
Suppose 2*y + 45 = 5*j - 3*y, 4*j - 2*y - 46 = 0. Let b = -28 - -9. Let t = b - -89. What is the greatest common factor of t and j?
14
Let z be 1*21 + 4 + -11 + 4. Calculate the greatest common divisor of 54 and z.
18
Suppose -y = -5*a + 17, -5*y + 24 = -3*a - 1. Suppose -5*q + q = -320. Suppose q = 6*n - n. Calculate the highest common divisor of n and y.
8
Let u be ((-166)/(-3))/(4/6). Suppose -4*z + u = -57. Let b be 8*(-3)/(-2) + 2. Calculate the highest common divisor of z and b.
7
Let w be (-740)/60*(-6)/2. Calculate the highest common divisor of w and 148.
37
Let d be 4/(-18) + 2024/36. Let i = -23 + d. What is the greatest common divisor of 11 and i?
11
Suppose 3*t - 30 = 39. Calculate the greatest common factor of 69 and t.
23
Let a be (-17)/3 + (-4)/(-6). Let r(t) = -t - 1. Let f be r(a). Suppose 28 + 8 = f*k. What is the greatest common factor of k and 9?
9
Let s be (-2 - -1)/((-1)/6). Let k = 16 - s. What is the highest common divisor of k and 10?
10
Suppose 5*n = k - 10, -4*k - 5*n = -3*n + 4. Let v be (-10)/(-2 + k/(-3)). Let r = 64 + -9. What is the highest common divisor of v and r?
5
Suppose 0 = 5*z + 3*c - 143, 4 = 2*c - 3*c. Let n = -18 + z. Calculate the highest common factor of 143 and n.
13
Let f(z) = -2*z. Let y be f(-1). Suppose -u - 6 = -y*u - 3*c, 5*u - 4*c = 68. Calculate the greatest common factor of u and 30.
6
Let c(p) = -4*p**3 - p**2 + 1. Let v be c(-1). Suppose 3*a - 81 = -0*a. Let b = 55 - a. What is the greatest common factor of b and v?
4
Let r be 23 + 2 + -3 - -1. Let k = r + -16. What is the highest common factor of k and 49?
7
Let w = 23 - 15. Let p = 7 + w. Let r(l) = -l + 20. Let c be r(10). Calculate the greatest common divisor of p and c.
5
Suppose 5*b - 3*b = 80. What is the greatest common divisor of 8 and b?
8
Suppose -5*t + 0 + 10 = 0. Let h be (-8)/(-20) + t/(-5). Suppose h = 4*a - d - 87, -d + 2*d - 23 = -a. Calculate the highest common divisor of a and 176.
22
Suppose 29 = 2*t + 13. Suppose -660 = -t*a + 3*a. What is the highest common factor of 12 and a?
12
Let d = -1 - -4. Suppose -m - d*u = -2, -3*m - 5*u = -2*m - 2. Calculate the highest common divisor of m and 4.
2
Let u be 328/40 + 2/(-10). Suppose -3*l - n = -78, 3*l + u = 2*n + 95. What is the greatest common divisor of l and 9?
9
Let c be 2 + (-1 - -2*1). Suppose -6*v + 32 = -82. Suppose -v = -c*o + 20. Calculate the highest common factor of 39 and o.
13
Let w = -128 - -134. Calculate the highest common divisor of w and 138.
6
Let c(h) = -h - 11. Let o be c(-14). Calculate the highest common factor of o and 27.
3
Let j(g) = -6*g**2 + 4*g - 4. Let c be j(6). Let p be c/(-3) + 1/(-3). Let x be (26/6)/(1/3). Calculate the greatest common factor of p and x.
13
Let j(y) = 3*y**2 - 5*y + 3. Let q(t) = t**2 - 2*t + 1. Let a(p) = 4*j(p) - 11*q(p). L